rime factors of 2782?
2, 13, 107
What are the prime factors of 1732?
2, 433
List the prime factors of 14990.
2, 5, 1499
What are the prime factors of 1311?
3, 19, 23
What are the prime factors of 4673?
4673
What are the prime factors of 32296?
2, 11, 367
List the prime factors of 30264.
2, 3, 13, 97
List the prime factors of 248.
2, 31
List the prime factors of 32114.
2, 16057
What are the prime factors of 61393?
29, 73
What are the prime factors of 2801?
2801
List the prime factors of 1128.
2, 3, 47
List the prime factors of 2981.
11, 271
What are the prime factors of 2235?
3, 5, 149
What are the prime factors of 2889?
3, 107
What are the prime factors of 144179?
7, 43, 479
List the prime factors of 20138.
2, 10069
List the prime factors of 50869.
7, 13, 43
List the prime factors of 65.
5, 13
What are the prime factors of 17925?
3, 5, 239
List the prime factors of 74653.
74653
What are the prime factors of 815?
5, 163
List the prime factors of 1242.
2, 3, 23
What are the prime factors of 26968?
2, 3371
List the prime factors of 1407.
3, 7, 67
What are the prime factors of 35368?
2, 4421
What are the prime factors of 4378?
2, 11, 199
List the prime factors of 66.
2, 3, 11
What are the prime factors of 9?
3
What are the prime factors of 21822?
2, 3, 3637
List the prime factors of 29075.
5, 1163
What are the prime factors of 933?
3, 311
List the prime factors of 180.
2, 3, 5
What are the prime factors of 2721?
3, 907
What are the prime factors of 44?
2, 11
List the prime factors of 1132.
2, 283
What are the prime factors of 7648?
2, 239
What are the prime factors of 1082?
2, 541
What are the prime factors of 8154?
2, 3, 151
List the prime factors of 3852.
2, 3, 107
What are the prime factors of 3247?
17, 191
What are the prime factors of 93287?
93287
List the prime factors of 7054.
2, 3527
List the prime factors of 89574.
2, 3, 14929
What are the prime factors of 899?
29, 31
List the prime factors of 305.
5, 61
List the prime factors of 20952.
2, 3, 97
List the prime factors of 7058.
2, 3529
What are the prime factors of 4769?
19, 251
What are the prime factors of 3855?
3, 5, 257
What are the prime factors of 9008?
2, 563
What are the prime factors of 3243?
3, 23, 47
What are the prime factors of 14769?
3, 547
What are the prime factors of 1582?
2, 7, 113
What are the prime factors of 2716?
2, 7, 97
List the prime factors of 29859.
3, 37, 269
What are the prime factors of 8991?
3, 37
List the prime factors of 817.
19, 43
List the prime factors of 2236.
2, 13, 43
List the prime factors of 6856.
2, 857
What are the prime factors of 28363?
113, 251
What are the prime factors of 281?
281
List the prime factors of 966.
2, 3, 7, 23
What are the prime factors of 1161?
3, 43
List the prime factors of 12472.
2, 1559
What are the prime factors of 36?
2, 3
What are the prime factors of 107?
107
List the prime factors of 85229.
85229
List the prime factors of 2182.
2, 1091
List the prime factors of 150.
2, 3, 5
What are the prime factors of 5145?
3, 5, 7
What are the prime factors of 24487?
47, 521
What are the prime factors of 22502?
2, 11251
What are the prime factors of 223?
223
What are the prime factors of 23084?
2, 29, 199
What are the prime factors of 49549?
49549
What are the prime factors of 117963?
3, 17, 257
What are the prime factors of 5050?
2, 5, 101
What are the prime factors of 23814?
2, 3, 7
List the prime factors of 3859.
17, 227
List the prime factors of 1547.
7, 13, 17
List the prime factors of 5913.
3, 73
List the prime factors of 6050.
2, 5, 11
What are the prime factors of 4771?
13, 367
What are the prime factors of 14217?
3, 7, 677
What are the prime factors of 4946?
2, 2473
List the prime factors of 6668.
2, 1667
List the prime factors of 5674.
2, 2837
What are the prime factors of 4891?
67, 73
List the prime factors of 1482.
2, 3, 13, 19
What are the prime factors of 39802?
2, 7, 2843
What are the prime factors of 80136?
2, 3, 7, 53
List the prime factors of 1559.
1559
What are the prime factors of 2417?
2417
What are the prime factors of 53389?
7, 29, 263
List the prime factors of 3350.
2, 5, 67
List the prime factors of 81050.
2, 5, 1621
What are the prime factors of 1583?
1583
What are the prime factors of 197?
197
List the prime factors of 37974.
2, 3, 6329
List the prime factors of 1380.
2, 3, 5, 23
List the prime factors of 17087.
7, 2441
List the prime factors of 40944.
2, 3, 853
What are the prime factors of 2957?
2957
What are the prime factors of 112941?
3, 47, 89
List the prime factors of 96584.
2, 12073
List the prime factors of 2205.
3, 5, 7
List the prime factors of 4044.
2, 3, 337
What are the prime factors of 1376?
2, 43
What are the prime factors of 5632?
2, 11
List the prime factors of 140712.
2, 3, 11, 13, 41
What are the prime factors of 104678?
2, 7, 7477
List the prime factors of 8384.
2, 131
List the prime factors of 311.
311
List the prime factors of 26045.
5, 5209
What are the prime factors of 8933?
8933
List the prime factors of 27510.
2, 3, 5, 7, 131
What are the prime factors of 5349?
3, 1783
What are the prime factors of 33465?
3, 5, 23, 97
What are the prime factors of 2396?
2, 599
What are the prime factors of 3647?
7, 521
What are the prime factors of 8644?
2, 2161
List the prime factors of 2141.
2141
List the prime factors of 55726.
2, 11, 17, 149
List the prime factors of 1505.
5, 7, 43
What are the prime factors of 26348?
2, 7, 941
What are the prime factors of 1949?
1949
List the prime factors of 23451.
3, 7817
List the prime factors of 329.
7, 47
List the prime factors of 5164.
2, 1291
List the prime factors of 15645.
3, 5, 7, 149
List the prime factors of 7029.
3, 11, 71
List the prime factors of 485.
5, 97
What are the prime factors of 2439?
3, 271
What are the prime factors of 622?
2, 311
What are the prime factors of 11780?
2, 5, 19, 31
What are the prime factors of 1043?
7, 149
What are the prime factors of 393?
3, 131
List the prime factors of 1368.
2, 3, 19
What are the prime factors of 1028?
2, 257
List the prime factors of 56574.
2, 3, 7, 449
What are the prime factors of 4452?
2, 3, 7, 53
List the prime factors of 22259.
22259
List the prime factors of 190.
2, 5, 19
What are the prime factors of 10527?
3, 11, 29
List the prime factors of 4602.
2, 3, 13, 59
List the prime factors of 3479.
7, 71
List the prime factors of 314.
2, 157
List the prime factors of 10034.
2, 29, 173
What are the prime factors of 6718?
2, 3359
What are the prime factors of 876?
2, 3, 73
List the prime factors of 87.
3, 29
List the prime factors of 25986.
2, 3, 61, 71
What are the prime factors of 76?
2, 19
What are the prime factors of 3345?
3, 5, 223
List the prime factors of 1356.
2, 3, 113
List the prime factors of 97163.
11, 73
What are the prime factors of 1685?
5, 337
What are the prime factors of 453?
3, 151
List the prime factors of 2284.
2, 571
List the prime factors of 36335.
5, 13, 43
List the prime factors of 2339.
2339
What are the prime factors of 37804?
2, 13, 727
What are the prime factors of 1710?
2, 3, 5, 19
List the prime factors of 2062.
2, 1031
List the prime factors of 670.
2, 5, 67
What are the prime factors of 124?
2, 31
List the prime factors of 58522.
2, 29, 1009
What are the prime factors of 42310?
2, 5, 4231
What are the prime factors of 10941?
3, 7, 521
What are the prime factors of 22198?
2, 11, 1009
What are the prime factors of 788?
2, 197
List the prime factors of 3240.
2, 3, 5
What are the prime factors of 95835?
3, 5, 6389
What are the prime factors of 21356?
2, 19, 281
What are the prime factors of 9732?
2, 3, 811
List the prime factors of 1315.
5, 263
What are the prime factors of 2177?
7, 311
List the prime factors of 27487.
27487
What are the prime factors of 29518?
2, 14759
What are the prime factors of 4936?
2, 617
List the prime factors of 225.
3, 5
What are the prime factors of 3755?
5, 751
What are the prime factors of 1235?
5, 13, 19
What are the prime factors of 437?
19, 23
What are the prime factors of 84064?
2, 37, 71
What are the prime factors of 71059?
71059
List the prime factors of 29888.
2, 467
What are the prime factors of 5246?
2, 43, 61
List the prime factors of 75844.
2, 67, 283
List the prime factors of 18633.
3, 6211
What are the prime factors of 15